{"id":10,"date":"2018-08-17T20:07:54","date_gmt":"2018-08-17T20:07:54","guid":{"rendered":"http:\/\/c1300933.ferozo.com\/?page_id=10"},"modified":"2023-04-17T16:37:00","modified_gmt":"2023-04-17T16:37:00","slug":"mapa-alquiler","status":"publish","type":"page","link":"https:\/\/www.alumcraft.com.ar\/nuevaweb\/","title":{"rendered":"HOME \/ INICIO"},"content":{"rendered":"\t\t<div data-elementor-type=\"wp-post\" data-elementor-id=\"10\" class=\"elementor elementor-10\">\n\t\t\t\t\t\t<div class=\"elementor-inner\">\n\t\t\t\t<div class=\"elementor-section-wrap\">\n\t\t\t\t\t\t\t\t\t<section class=\"elementor-section elementor-top-section elementor-element elementor-element-f83b654 elementor-section-boxed elementor-section-height-default elementor-section-height-default\" data-id=\"f83b654\" data-element_type=\"section\" data-settings=\"{&quot;background_background&quot;:&quot;classic&quot;}\">\n\t\t\t\t\t\t<div class=\"elementor-container elementor-column-gap-default\">\n\t\t\t\t\t\t\t<div class=\"elementor-row\">\n\t\t\t\t\t<div class=\"elementor-column elementor-col-100 elementor-top-column elementor-element elementor-element-7b74f94f\" data-id=\"7b74f94f\" data-element_type=\"column\">\n\t\t\t<div class=\"elementor-column-wrap elementor-element-populated\">\n\t\t\t\t\t\t\t<div class=\"elementor-widget-wrap\">\n\t\t\t\t\t\t<section class=\"elementor-section elementor-inner-section elementor-element elementor-element-0e88148 elementor-section-boxed elementor-section-height-default elementor-section-height-default\" data-id=\"0e88148\" data-element_type=\"section\">\n\t\t\t\t\t\t<div class=\"elementor-container elementor-column-gap-extended\">\n\t\t\t\t\t\t\t<div class=\"elementor-row\">\n\t\t\t\t\t<div class=\"elementor-column elementor-col-50 elementor-inner-column elementor-element elementor-element-6daa976\" data-id=\"6daa976\" data-element_type=\"column\" data-settings=\"{&quot;background_background&quot;:&quot;classic&quot;}\">\n\t\t\t<div class=\"elementor-column-wrap elementor-element-populated\">\n\t\t\t\t\t\t\t<div class=\"elementor-widget-wrap\">\n\t\t\t\t\t\t<div class=\"elementor-element elementor-element-57cec76 elementor-widget elementor-widget-text-editor\" data-id=\"57cec76\" data-element_type=\"widget\" data-widget_type=\"text-editor.default\">\n\t\t\t\t<div class=\"elementor-widget-container\">\n\t\t\t\t\t\t\t\t<div class=\"elementor-text-editor elementor-clearfix\">\n\t\t\t\t<p>Equipos de procesos para la industria qu\u00edmica y alimenticia en general. Dispersi\u00f3n, mezclado, homogenizaci\u00f3n, molienda. Alumcraft cuenta con mas de 45 a\u00f1os de experiencia en el tema ofreciendo su laboratorio de ensayos para demostraciones y nuevos desarrollos.<\/p>\t\t\t\t\t<\/div>\n\t\t\t\t\t\t<\/div>\n\t\t\t\t<\/div>\n\t\t\t\t\t\t<\/div>\n\t\t\t\t\t<\/div>\n\t\t<\/div>\n\t\t\t\t<div class=\"elementor-column elementor-col-50 elementor-inner-column elementor-element elementor-element-81977c3\" data-id=\"81977c3\" data-element_type=\"column\" data-settings=\"{&quot;background_background&quot;:&quot;classic&quot;}\">\n\t\t\t<div class=\"elementor-column-wrap elementor-element-populated\">\n\t\t\t\t\t\t\t<div class=\"elementor-widget-wrap\">\n\t\t\t\t\t\t<div class=\"elementor-element elementor-element-6583650 elementor-widget elementor-widget-text-editor\" data-id=\"6583650\" data-element_type=\"widget\" data-widget_type=\"text-editor.default\">\n\t\t\t\t<div class=\"elementor-widget-container\">\n\t\t\t\t\t\t\t\t<div class=\"elementor-text-editor elementor-clearfix\">\n\t\t\t\t<p>Process equipment for the chemical and food industry in general. Dispersion, mixing, homogenizing, millig. Alumcraft owns more than 45 years of experience in this matter and offers his testing laboratory for demos and research<\/p>\t\t\t\t\t<\/div>\n\t\t\t\t\t\t<\/div>\n\t\t\t\t<\/div>\n\t\t\t\t\t\t<\/div>\n\t\t\t\t\t<\/div>\n\t\t<\/div>\n\t\t\t\t\t\t\t\t<\/div>\n\t\t\t\t\t<\/div>\n\t\t<\/section>\n\t\t\t\t\t\t<\/div>\n\t\t\t\t\t<\/div>\n\t\t<\/div>\n\t\t\t\t\t\t\t\t<\/div>\n\t\t\t\t\t<\/div>\n\t\t<\/section>\n\t\t\t\t<section class=\"elementor-section elementor-top-section elementor-element elementor-element-0ab14b4 elementor-section-full_width elementor-section-height-default elementor-section-height-default\" data-id=\"0ab14b4\" data-element_type=\"section\" data-settings=\"{&quot;background_background&quot;:&quot;classic&quot;}\">\n\t\t\t\t\t\t<div class=\"elementor-container elementor-column-gap-default\">\n\t\t\t\t\t\t\t<div class=\"elementor-row\">\n\t\t\t\t\t<div class=\"elementor-column elementor-col-100 elementor-top-column elementor-element elementor-element-163ced8\" data-id=\"163ced8\" data-element_type=\"column\" data-settings=\"{&quot;background_background&quot;:&quot;classic&quot;}\">\n\t\t\t<div class=\"elementor-column-wrap elementor-element-populated\">\n\t\t\t\t\t\t\t<div class=\"elementor-widget-wrap\">\n\t\t\t\t\t\t<div class=\"elementor-element elementor-element-fb82403 elementor-widget elementor-widget-text-editor\" data-id=\"fb82403\" data-element_type=\"widget\" data-widget_type=\"text-editor.default\">\n\t\t\t\t<div class=\"elementor-widget-container\">\n\t\t\t\t\t\t\t\t<div class=\"elementor-text-editor elementor-clearfix\">\n\t\t\t\t<p><span style=\"color: #000000;\">NUESTROS PRODUCTOS \/OUR PRODUCTS<\/span><\/p>\t\t\t\t\t<\/div>\n\t\t\t\t\t\t<\/div>\n\t\t\t\t<\/div>\n\t\t\t\t\t\t<\/div>\n\t\t\t\t\t<\/div>\n\t\t<\/div>\n\t\t\t\t\t\t\t\t<\/div>\n\t\t\t\t\t<\/div>\n\t\t<\/section>\n\t\t\t\t<section class=\"elementor-section elementor-top-section elementor-element elementor-element-997f5a0 elementor-section-boxed elementor-section-height-default elementor-section-height-default\" data-id=\"997f5a0\" data-element_type=\"section\">\n\t\t\t\t\t\t<div class=\"elementor-container elementor-column-gap-default\">\n\t\t\t\t\t\t\t<div class=\"elementor-row\">\n\t\t\t\t\t<div class=\"elementor-column elementor-col-50 elementor-top-column elementor-element elementor-element-dcd0ae8\" data-id=\"dcd0ae8\" data-element_type=\"column\">\n\t\t\t<div class=\"elementor-column-wrap elementor-element-populated\">\n\t\t\t\t\t\t\t<div class=\"elementor-widget-wrap\">\n\t\t\t\t\t\t<div class=\"elementor-element elementor-element-bbfce27 elementor-position-top elementor-vertical-align-top elementor-widget elementor-widget-image-box\" data-id=\"bbfce27\" data-element_type=\"widget\" data-widget_type=\"image-box.default\">\n\t\t\t\t<div class=\"elementor-widget-container\">\n\t\t\t<div class=\"elementor-image-box-wrapper\"><figure class=\"elementor-image-box-img\"><a href=\"https:\/\/www.alumcraft.com.ar\/nuevaweb\/products-category\/equipos-para-procesos\/\"><img decoding=\"async\" width=\"327\" height=\"219\" src=\"https:\/\/www.alumcraft.com.ar\/nuevaweb\/wp-content\/uploads\/2018\/10\/Sin-t\u00edtulo-3_01.jpg\" class=\"attachment-full size-full wp-image-328\" alt=\"\" loading=\"lazy\" srcset=\"https:\/\/www.alumcraft.com.ar\/nuevaweb\/wp-content\/uploads\/2018\/10\/Sin-t\u00edtulo-3_01.jpg 327w, https:\/\/www.alumcraft.com.ar\/nuevaweb\/wp-content\/uploads\/2018\/10\/Sin-t\u00edtulo-3_01-300x201.jpg 300w, https:\/\/www.alumcraft.com.ar\/nuevaweb\/wp-content\/uploads\/2018\/10\/Sin-t\u00edtulo-3_01-239x160.jpg 239w\" sizes=\"(max-width: 327px) 100vw, 327px\" \/><\/a><\/figure><div class=\"elementor-image-box-content\"><h3 class=\"elementor-image-box-title\"><a href=\"https:\/\/www.alumcraft.com.ar\/nuevaweb\/products-category\/equipos-para-procesos\/\">Equipos para procesos \/ Processing Equipments<\/a><\/h3><p class=\"elementor-image-box-description\">Equipos de procesos para la industria qu\u00edmica y alimenticia en general. Dispersi\u00f3n, mezclado, homogenizaci\u00f3n, molienda. <\/p><\/div><\/div>\t\t<\/div>\n\t\t\t\t<\/div>\n\t\t\t\t\t\t<\/div>\n\t\t\t\t\t<\/div>\n\t\t<\/div>\n\t\t\t\t<div class=\"elementor-column elementor-col-50 elementor-top-column elementor-element elementor-element-7efc75b\" data-id=\"7efc75b\" data-element_type=\"column\">\n\t\t\t<div class=\"elementor-column-wrap elementor-element-populated\">\n\t\t\t\t\t\t\t<div class=\"elementor-widget-wrap\">\n\t\t\t\t\t\t<div class=\"elementor-element elementor-element-7c0e44b elementor-position-top elementor-vertical-align-top elementor-widget elementor-widget-image-box\" data-id=\"7c0e44b\" data-element_type=\"widget\" data-widget_type=\"image-box.default\">\n\t\t\t\t<div class=\"elementor-widget-container\">\n\t\t\t<div class=\"elementor-image-box-wrapper\"><figure class=\"elementor-image-box-img\"><a href=\"https:\/\/www.alumcraft.com.ar\/nuevaweb\/products-category\/equipos-para-agroquimicos\/\"><img decoding=\"async\" width=\"330\" height=\"219\" src=\"https:\/\/www.alumcraft.com.ar\/nuevaweb\/wp-content\/uploads\/2018\/10\/Sin-t\u00edtulo-3_02.jpg\" class=\"attachment-full size-full wp-image-329\" alt=\"\" loading=\"lazy\" srcset=\"https:\/\/www.alumcraft.com.ar\/nuevaweb\/wp-content\/uploads\/2018\/10\/Sin-t\u00edtulo-3_02.jpg 330w, https:\/\/www.alumcraft.com.ar\/nuevaweb\/wp-content\/uploads\/2018\/10\/Sin-t\u00edtulo-3_02-300x199.jpg 300w, https:\/\/www.alumcraft.com.ar\/nuevaweb\/wp-content\/uploads\/2018\/10\/Sin-t\u00edtulo-3_02-241x160.jpg 241w\" sizes=\"(max-width: 330px) 100vw, 330px\" \/><\/a><\/figure><div class=\"elementor-image-box-content\"><h3 class=\"elementor-image-box-title\"><a href=\"https:\/\/www.alumcraft.com.ar\/nuevaweb\/products-category\/equipos-para-agroquimicos\/\">Equipos para agroqu\u00edmicos \/ Agrochemical Equipments<\/a><\/h3><p class=\"elementor-image-box-description\">ALUMCRAFT ARGENTINA S.A. desde hace muchos a\u00f1os dise\u00f1a y contruye Equipamientos e Instalaciones completas para la elaboraci\u00f3n de todo tipo de Agroqu\u00edmicos, tales como herbicidas, insecticidas y funguicidas:<\/p><\/div><\/div>\t\t<\/div>\n\t\t\t\t<\/div>\n\t\t\t\t\t\t<\/div>\n\t\t\t\t\t<\/div>\n\t\t<\/div>\n\t\t\t\t\t\t\t\t<\/div>\n\t\t\t\t\t<\/div>\n\t\t<\/section>\n\t\t\t\t<section class=\"elementor-section elementor-top-section elementor-element elementor-element-d8044dd elementor-section-boxed elementor-section-height-default elementor-section-height-default\" data-id=\"d8044dd\" data-element_type=\"section\">\n\t\t\t\t\t\t<div class=\"elementor-container elementor-column-gap-default\">\n\t\t\t\t\t\t\t<div class=\"elementor-row\">\n\t\t\t\t\t<div class=\"elementor-column elementor-col-50 elementor-top-column elementor-element elementor-element-b9b3099\" data-id=\"b9b3099\" data-element_type=\"column\">\n\t\t\t<div class=\"elementor-column-wrap elementor-element-populated\">\n\t\t\t\t\t\t\t<div class=\"elementor-widget-wrap\">\n\t\t\t\t\t\t<div class=\"elementor-element elementor-element-644edc5 elementor-position-top elementor-vertical-align-top elementor-widget elementor-widget-image-box\" data-id=\"644edc5\" data-element_type=\"widget\" data-widget_type=\"image-box.default\">\n\t\t\t\t<div class=\"elementor-widget-container\">\n\t\t\t<div class=\"elementor-image-box-wrapper\"><figure class=\"elementor-image-box-img\"><a href=\"https:\/\/www.alumcraft.com.ar\/nuevaweb\/products-category\/chocomill-chocomill\/\"><img decoding=\"async\" width=\"327\" height=\"218\" src=\"https:\/\/www.alumcraft.com.ar\/nuevaweb\/wp-content\/uploads\/2018\/10\/Sin-t\u00edtulo-3_03.jpg\" class=\"attachment-full size-full wp-image-330\" alt=\"\" loading=\"lazy\" srcset=\"https:\/\/www.alumcraft.com.ar\/nuevaweb\/wp-content\/uploads\/2018\/10\/Sin-t\u00edtulo-3_03.jpg 327w, https:\/\/www.alumcraft.com.ar\/nuevaweb\/wp-content\/uploads\/2018\/10\/Sin-t\u00edtulo-3_03-300x200.jpg 300w, https:\/\/www.alumcraft.com.ar\/nuevaweb\/wp-content\/uploads\/2018\/10\/Sin-t\u00edtulo-3_03-240x160.jpg 240w\" sizes=\"(max-width: 327px) 100vw, 327px\" \/><\/a><\/figure><div class=\"elementor-image-box-content\"><h3 class=\"elementor-image-box-title\"><a href=\"https:\/\/www.alumcraft.com.ar\/nuevaweb\/products-category\/chocomill-chocomill\/\">Chocomil<\/a><\/h3><p class=\"elementor-image-box-description\">Una verdadera planta elaboradora de chocolate en una sola maquina!<br>\n\nA complete chocolate plant in only one unit!<\/p><\/div><\/div>\t\t<\/div>\n\t\t\t\t<\/div>\n\t\t\t\t\t\t<\/div>\n\t\t\t\t\t<\/div>\n\t\t<\/div>\n\t\t\t\t<div class=\"elementor-column elementor-col-50 elementor-top-column elementor-element elementor-element-78a1ddc\" data-id=\"78a1ddc\" data-element_type=\"column\">\n\t\t\t<div class=\"elementor-column-wrap elementor-element-populated\">\n\t\t\t\t\t\t\t<div class=\"elementor-widget-wrap\">\n\t\t\t\t\t\t<div class=\"elementor-element elementor-element-1f3226c elementor-position-top elementor-vertical-align-top elementor-widget elementor-widget-image-box\" data-id=\"1f3226c\" data-element_type=\"widget\" data-widget_type=\"image-box.default\">\n\t\t\t\t<div class=\"elementor-widget-container\">\n\t\t\t<div class=\"elementor-image-box-wrapper\"><figure class=\"elementor-image-box-img\"><a href=\"https:\/\/www.alumcraft.com.ar\/nuevaweb\/products-category\/biomasa-biomasa\/\"><img decoding=\"async\" width=\"330\" height=\"218\" src=\"https:\/\/www.alumcraft.com.ar\/nuevaweb\/wp-content\/uploads\/2018\/10\/Sin-t\u00edtulo-3_04.jpg\" class=\"attachment-full size-full wp-image-331\" alt=\"\" loading=\"lazy\" srcset=\"https:\/\/www.alumcraft.com.ar\/nuevaweb\/wp-content\/uploads\/2018\/10\/Sin-t\u00edtulo-3_04.jpg 330w, https:\/\/www.alumcraft.com.ar\/nuevaweb\/wp-content\/uploads\/2018\/10\/Sin-t\u00edtulo-3_04-300x198.jpg 300w, https:\/\/www.alumcraft.com.ar\/nuevaweb\/wp-content\/uploads\/2018\/10\/Sin-t\u00edtulo-3_04-242x160.jpg 242w\" sizes=\"(max-width: 330px) 100vw, 330px\" \/><\/a><\/figure><div class=\"elementor-image-box-content\"><h3 class=\"elementor-image-box-title\"><a href=\"https:\/\/www.alumcraft.com.ar\/nuevaweb\/products-category\/biomasa-biomasa\/\">Biomasa<\/a><\/h3><p class=\"elementor-image-box-description\">En un mundo donde los combustibles f\u00f3siles un d\u00eda se agotan y en \u00e1reas donde escasean o no los hay , se va haciendo mas necesaria e importante la utilizaci\u00f3n de recursos renobables como combustibles , y muy especialmente cuando estos provienen de residuos que hasta ahora se estan desechando.\nLos pellets combustibles de madera son una alternativa muy viable con un calor especifico promedio de 4500 Kcal\/kg.<\/p><\/div><\/div>\t\t<\/div>\n\t\t\t\t<\/div>\n\t\t\t\t\t\t<\/div>\n\t\t\t\t\t<\/div>\n\t\t<\/div>\n\t\t\t\t\t\t\t\t<\/div>\n\t\t\t\t\t<\/div>\n\t\t<\/section>\n\t\t\t\t<section class=\"elementor-section elementor-top-section elementor-element elementor-element-2fc858a elementor-section-boxed elementor-section-height-default elementor-section-height-default\" data-id=\"2fc858a\" data-element_type=\"section\">\n\t\t\t\t\t\t<div class=\"elementor-container elementor-column-gap-default\">\n\t\t\t\t\t\t\t<div class=\"elementor-row\">\n\t\t\t\t\t<div class=\"elementor-column elementor-col-100 elementor-top-column elementor-element elementor-element-a5ffb3e\" data-id=\"a5ffb3e\" data-element_type=\"column\">\n\t\t\t<div class=\"elementor-column-wrap\">\n\t\t\t\t\t\t\t<div class=\"elementor-widget-wrap\">\n\t\t\t\t\t\t\t\t<\/div>\n\t\t\t\t\t<\/div>\n\t\t<\/div>\n\t\t\t\t\t\t\t\t<\/div>\n\t\t\t\t\t<\/div>\n\t\t<\/section>\n\t\t\t\t\t\t\t\t\t<\/div>\n\t\t\t<\/div>\n\t\t\t\t\t<\/div>\n\t\t","protected":false},"excerpt":{"rendered":"<p>Equipos de procesos para la industria qu\u00edmica y alimenticia en general. Dispersi\u00f3n, mezclado, homogenizaci\u00f3n, molienda. Alumcraft cuenta con mas de 45 a\u00f1os de experiencia en el tema ofreciendo su laboratorio de ensayos para demostraciones y nuevos desarrollos. Process equipment for the chemical and food industry in general. Dispersion, mixing, homogenizing, millig. Alumcraft owns more than [&hellip;]<\/p>\n","protected":false},"author":2,"featured_media":0,"parent":0,"menu_order":0,"comment_status":"closed","ping_status":"closed","template":"page_fullwidth.php","meta":[],"_links":{"self":[{"href":"https:\/\/www.alumcraft.com.ar\/nuevaweb\/wp-json\/wp\/v2\/pages\/10"}],"collection":[{"href":"https:\/\/www.alumcraft.com.ar\/nuevaweb\/wp-json\/wp\/v2\/pages"}],"about":[{"href":"https:\/\/www.alumcraft.com.ar\/nuevaweb\/wp-json\/wp\/v2\/types\/page"}],"author":[{"embeddable":true,"href":"https:\/\/www.alumcraft.com.ar\/nuevaweb\/wp-json\/wp\/v2\/users\/2"}],"replies":[{"embeddable":true,"href":"https:\/\/www.alumcraft.com.ar\/nuevaweb\/wp-json\/wp\/v2\/comments?post=10"}],"version-history":[{"count":65,"href":"https:\/\/www.alumcraft.com.ar\/nuevaweb\/wp-json\/wp\/v2\/pages\/10\/revisions"}],"predecessor-version":[{"id":346,"href":"https:\/\/www.alumcraft.com.ar\/nuevaweb\/wp-json\/wp\/v2\/pages\/10\/revisions\/346"}],"wp:attachment":[{"href":"https:\/\/www.alumcraft.com.ar\/nuevaweb\/wp-json\/wp\/v2\/media?parent=10"}],"curies":[{"name":"wp","href":"https:\/\/api.w.org\/{rel}","templated":true}]}}